0/2. What is the highest common divisor of 14 and w?
14
Let n be (0 + -1 + 0)*-13. Let r be 1*(-5)/(5/(-26)). What is the highest common divisor of n and r?
13
Let l be 27/(-45)*-2*15. Let m = -7 + 31. Calculate the greatest common divisor of m and l.
6
Let c be -2 - (-2 + 2)/2. Let s be ((-3)/3 - c)*29. What is the greatest common divisor of 319 and s?
29
Suppose -42 + 6 = -9*g. Suppose -4*w + g*b + 176 = 0, 5*w - 220 = -0*w - 2*b. What is the highest common factor of w and 4?
4
Let i(m) be the first derivative of m**3/3 + 4*m**2 + 3*m - 48. Let r be i(-8). Calculate the greatest common divisor of 6 and r.
3
Let p = -3035 + 3040. Calculate the greatest common divisor of p and 840.
5
Let o be (6/(-4))/((-24)/80). Suppose -499 + 169 = -o*d. Calculate the highest common factor of d and 165.
33
Suppose -5*s + 625 = -4*s + 2*b, -2500 = -4*s + b. What is the greatest common divisor of s and 50?
25
Let u(r) = 12 + 128*r - 128*r + 3*r**2. Let h be u(-4). Let s be (-11 + 2)*(-8)/6. Calculate the highest common factor of h and s.
12
Suppose 2*y + 137 - 449 = 0. Suppose -27*j + 30*j - y = 0. What is the greatest common factor of 130 and j?
26
Let f(b) = b + 8. Let u be f(-5). Let p(s) = 11*s**2 + 5*s - 1. Let i be p(-2). Calculate the highest common divisor of u and i.
3
Suppose 93 = 5*s + 2*u + 5, -32 = -2*s - 4*u. What is the highest common divisor of s and 126?
18
Let b(x) = 8*x**2 + 97*x + 188. Let w be b(-2). Suppose 2*y - 5*g - 47 = -0*y, 5*g = y - 21. Calculate the highest common factor of w and y.
26
Suppose x = -x - 3*n - 37, 0 = -5*x + 2*n - 83. Let t = x - -22. Let l be 48 - (t + -2 + 1). What is the greatest common divisor of l and 66?
22
Let n(z) be the second derivative of 3*z**3/2 - 23*z**2/2 - z. Let f be n(17). What is the greatest common factor of f and 52?
26
Suppose -a = -0*a + 37. Suppose -8*s = -5*s + 5*l - 146, 4*s + 5*l - 203 = 0. Let g = a + s. What is the highest common factor of 100 and g?
20
Let h be 7/(68/(-102) + (-49)/(-69)). What is the greatest common factor of 7 and h?
7
Let i be 960/(-54) + 4/(-18). Let v = 39 + i. Suppose -g = -j - 0*j - v, j - 39 = -2*g. What is the highest common factor of g and 8?
4
Let a be ((-20)/(-24))/(-5)*-78. What is the greatest common factor of 221 and a?
13
Let f be 1/(68/66 - 5/5). Calculate the highest common divisor of f and 330.
33
Let t(r) = -2*r**3 - 24*r**2 + 20*r - 22. Let g be t(-13). Let b(n) = 2*n. Let c be b(-2). Let j = c - -11. What is the greatest common divisor of j and g?
7
Suppose -s + 6*t = 2*t - 35, t = 5*s - 137. Calculate the highest common factor of s and 351.
27
Let u(k) = -k**2 + 12*k + 126. Let i be u(-5). What is the greatest common divisor of i and 1599?
41
Let t(u) = -2*u + 8. Let w be t(6). Let l(v) = v**3 + 2*v**2 - 7*v + 9. Let y be l(w). Calculate the greatest common divisor of 5 and y.
5
Suppose -4*l + 213 - 73 = 0. Calculate the greatest common divisor of 70 and l.
35
Let l = 165 - 133. What is the highest common divisor of l and 2?
2
Let l be (-866)/(-3) + 0 - 10/15. What is the highest common factor of 64 and l?
32
Let h be 3/12 - (-1005)/12. Suppose 0 = -3*k - 24 + h. What is the greatest common factor of 4 and k?
4
Let t(i) = -299*i - 101. Let p be t(-1). What is the greatest common divisor of p and 6?
6
Let b = -96 - -103. Calculate the highest common divisor of b and 11.
1
Let m(b) = -b**3 + 6*b**2 + b + 14. Let d be m(5). Calculate the highest common factor of d and 4.
4
Suppose 2*t + 5*g = -2*t - 28, g + 6 = -t. Let y = 14 + t. Calculate the highest common factor of y and 18.
6
Let o = 28 - 17. Let d = 5 - 16. Let m = d + 22. Calculate the highest common factor of m and o.
11
Suppose d - 32 + 13 = 5*w, 2*d - 52 = 3*w. Suppose 31*t = d*t + 46. What is the greatest common factor of t and 161?
23
Suppose -1367 = -29*h + 721. Calculate the greatest common divisor of 1368 and h.
72
Let x be (1/(-2))/((-1)/330). Suppose 0*t + 5*t = 0. Suppose -2*v = -t*v - 30. What is the greatest common factor of x and v?
15
Let z be (-1 - (-19)/(-4))/((-7)/28). What is the highest common divisor of z and 690?
23
Suppose -4*u - b + 117 = 0, -8*b = -3*b + 15. What is the highest common factor of u and 6?
6
Let d = -163 - -264. Calculate the highest common factor of 909 and d.
101
Suppose 12 = 3*f + 5*v, -3*f - 16 = -7*f - v. Suppose 0 = f*z - 49 + 9. What is the greatest common factor of 20 and z?
10
Suppose -4*o - 374 + 966 = 4*s, -4*o = -2*s + 308. Calculate the highest common factor of 70 and s.
10
Suppose -5 = g - 2*a - 9, 2*g - 35 = -5*a. Calculate the greatest common divisor of 830 and g.
10
Suppose -5*s + t + 3749 + 827 = 0, -3*s + 4*t = -2749. Calculate the highest common factor of 122 and s.
61
Let z(a) = a**3 + 15*a**2 + 3*a + 16. Let h be z(-15). Let n = 51 + h. Suppose -4 = -24*y + n*y. Calculate the highest common divisor of y and 6.
2
Let t be -15*(-13 - (-20 + 8)). Calculate the greatest common factor of 105 and t.
15
Let z(o) be the third derivative of o**6/120 + 3*o**5/10 + 3*o**4/8 - 19*o**3/6 + 33*o**2. Let t be z(-17). Calculate the greatest common factor of t and 39.
39
Suppose 0 = 24*f - 22*f - 8. Calculate the highest common factor of f and 2.
2
Let n(g) = 28*g**2 + 50*g + 207. Let o be n(-4). What is the greatest common divisor of 35 and o?
35
Let k = -374 + 423. Calculate the highest common factor of k and 7.
7
Let z be 2/(6/28 + (-4)/(-14)). Suppose 0 = p - o - 46, 185 = z*p - o - 2*o. Calculate the highest common factor of 94 and p.
47
Let j = 3105 - 285. Let q be (-2)/11 - j/(-22). Calculate the greatest common factor of 16 and q.
16
Suppose 24 - 8 = 2*i. Suppose -m - i = -2*m. Let b(t) = t**2 + 48*t + 24. Let z be b(-48). Calculate the highest common divisor of z and m.
8
Let s be 2 + 35 + 1 + -2. Suppose 25 = 5*x, 0*x - x - 40 = -5*v. Let c be v/(-2 + (-25)/(-10)). What is the greatest common factor of c and s?
18
Let h(d) be the first derivative of d**2 + 13*d - 5. Let u be h(-7). Let x be (2/(-1)*7)/u. What is the greatest common divisor of x and 7?
7
Suppose -m = -3*b + 829, 0 = -4*b + 4*m + 924 + 192. Calculate the highest common factor of b and 250.
25
Let z = 47 - 52. Let r be (z + 27)*(-2 + 19/2). What is the greatest common divisor of 15 and r?
15
Suppose -4*g - 3*n = -230, 5*g + 32 = -5*n + 317. What is the highest common factor of g and 59?
59
Suppose 2*w = -4*f + 64, w - 5*f - 41 - 5 = 0. Calculate the highest common divisor of w and 450.
18
Suppose -5*r = -8*r. Suppose r = -2*f + f + 2. Calculate the highest common divisor of 42 and f.
2
Let u = -20 + 20. Let t(q) = -6*q - 3 + u + 0 - 9. Let r be t(-6). What is the highest common factor of r and 12?
12
Let y(h) = 2*h**3 - h**2 - 2*h - 1. Let v be y(2). Let g(t) = -14*t - v - 9 - t**2 + 3. Let x be g(-10). Calculate the greatest common factor of 18 and x.
9
Let q be ((-5)/(-14))/(28/98)*76. Let a = -10 + 16. Suppose -3*t - q = -r, 3*r - a*t = -t + 305. What is the greatest common divisor of 44 and r?
22
Suppose -4*w = -2*o + 142, 0*o - w - 71 = -o. What is the greatest common factor of 1 and o?
1
Suppose 8123 = 15*m + 1568. Calculate the greatest common divisor of 19 and m.
19
Suppose 0 = -1648*u + 1663*u - 765. What is the greatest common divisor of u and 612?
51
Let i be (228/(-10))/(-6 + (-56)/(-10)). Calculate the greatest common factor of 304 and i.
19
Suppose 0 = -2*r - 3*r + 40. Let v be 3520/200*(-10)/(-4). What is the highest common divisor of r and v?
4
Suppose 262 = -5*h + 772. Calculate the highest common divisor of h and 34.
34
Let m be (-55)/(-165) - (-118)/6. Calculate the highest common factor of 330 and m.
10
Let k(x) = 22*x**2 + 3*x - 4. Let j be k(2). Suppose -j = -0*w - 6*w. Calculate the greatest common factor of 3 and w.
3
Suppose -9*g = 261 - 3132. Calculate the highest common factor of 11 and g.
11
Let b(t) be the second derivative of t**3/6 + 3*t**2/2 + 9*t. Let z be b(9). What is the greatest common factor of 18 and z?
6
Suppose -5*q = 2*v - 56, 5*q - 18*v = -14*v + 38. What is the highest common factor of q and 25?
5
Suppose 4*o - 5 = 7. Suppose -o*l + 1 = -188. Calculate the greatest common divisor of 21 and l.
21
Suppose -6*n + 56 = -4*n. Let t be (-19 - -33)*(-1)/(-2). Calculate the greatest common divisor of t and n.
7
Let f = -613 - -670. Let 